1679 = -1727. Calculate the greatest common factor of 120 and s.
6
Let n = 180 - 152. What is the highest common divisor of n and 532?
28
Let r(i) = -i**3 - 4*i**2 - 2*i - 6. Let a = -33 - -29. Let m be r(a). Suppose 5 = 4*c - 3. Calculate the highest common factor of m and c.
2
Suppose -820*m + 813*m + 126 = 0. What is the highest common factor of m and 63?
9
Suppose -50 = -3*t - 2. Suppose -6*k + 2*k + 84 = 0. Let d = k + 3. Calculate the greatest common factor of t and d.
8
Suppose 20 = -3*z + 5*z + 4*i, 0 = 5*z - 3*i - 37. Let x be (0 - 132/(-5))*60/z. What is the highest common factor of 22 and x?
22
Let z(b) = -b**3 - 8*b**2 - 6*b + 7. Let k be z(-5). Let l = k + 56. What is the greatest common factor of 45 and l?
9
Suppose -4*d + 3*d + t = 0, -6 = 2*d - 4*t. Calculate the highest common factor of 5 and d.
1
Suppose 29 = 19*d - 655. Let a be 1*3*18*6. Calculate the highest common factor of a and d.
36
Let m(r) be the second derivative of 43*r**5/20 + r**4/6 - r**3/3 + r**2/2 + r. Let o be m(1). What is the greatest common factor of o and 11?
11
Suppose 11*u = -45*u + 112. What is the greatest common divisor of 9 and u?
1
Let o(q) = -q**2 + 9*q + 8. Let w be o(9). Let i(l) = l + 6. Let p be i(-5). Let a = 9 - p. What is the greatest common factor of a and w?
8
Suppose -45 = -2*a + 55. Let p(c) = 4*c - 12*c - 12 - c**2 - 15*c. Let u be p(-22). Calculate the highest common factor of a and u.
10
Let r = 3 - 3. Let x be 15/(-6)*(-14 - r). What is the highest common divisor of x and 7?
7
Let p(v) = v**2 + 14*v + 16. Let d be p(-13). Suppose 0 = d*l - 0*l - 144. Calculate the greatest common divisor of l and 32.
16
Let q be 1 - ((-16)/14 + (-718359)/161). Calculate the highest common divisor of q and 124.
124
Let f be (2/(-4))/(2/(-4)). Suppose -3*r - 2*m = -31, -3*r - 11*m + 28 = -6*m. Calculate the greatest common factor of r and f.
1
Suppose 56 + 70 = j. Suppose 2*y + 262 = 4*i, 0 = -5*i - 0*y + y + 329. Suppose m + i = 4*o + 6, -22 = -o + 2*m. Calculate the highest common factor of o and j.
14
Let g(u) = 4*u**2 + u - 4. Let j be -9*((-60)/(-9))/5. Let o = -9 - j. Let r be g(o). Calculate the greatest common factor of r and 14.
7
Suppose k - 4*q = -0*q + 24, -4 = -3*k - 5*q. Let z be (-154)/66 + (-1)/(-3). Let a be (3 - (-3 + 22 - 0))*z. What is the highest common divisor of k and a?
8
Let d(b) = 2*b - 7. Let f be d(6). Let p(k) = -6*k + 209. Let h be p(29). What is the highest common divisor of h and f?
5
Let i = 252 + -167. Let t(n) = n**3 + n**2 + 2*n - 3. Let f be t(2). Let b be 1 + 3 + 0 + f. Calculate the greatest common factor of i and b.
17
Suppose 0 = 2*y - 539 - 73. Calculate the highest common factor of 34 and y.
34
Let i be -15 + 21 - (-401 + 0). What is the greatest common divisor of i and 148?
37
Let l(h) = 2*h**3 - 3*h**2 - h - 6. Let f be l(3). Let m(n) = 2*n**3 + 4*n. Let z be m(4). Calculate the highest common factor of z and f.
18
Suppose -5*i + 7 = -2*p, -6*p - 2*i + 55 = -p. Let h(o) = -o**3 + 8*o**2 + 9*o + 7. Let d be h(p). What is the highest common divisor of 7 and d?
7
Let t be (-11)/(110/(-200)) + 10. What is the highest common divisor of 3210 and t?
30
Let y(m) = -1 + m - 12*m + 15*m**2 + 9*m. Let q be y(-1). What is the greatest common factor of q and 8?
8
Let f = -5 - -7. Let t(n) = n**3 - 5*n**2 - 4*n - 8. Let z be t(6). Suppose 3*g + 15 = 4*o + 55, -z*o = f*g. What is the highest common divisor of 32 and g?
8
Let h(d) = 8*d + 16. Let c be h(12). What is the highest common divisor of 14 and c?
14
Let d = -32 + 45. Let h = d + -2. Calculate the greatest common factor of h and 11.
11
Let c = -305 + 362. What is the greatest common divisor of 513 and c?
57
Let s be (-6 - (0 + 1))*-4. Let z be 238 - (98/(-7) - 0). Calculate the greatest common divisor of z and s.
28
Let j(m) = 2*m**2 - 9*m + 1. Let z = 7 + -1. Let c be j(z). Calculate the greatest common factor of c and 19.
19
Let t = -79 + 45. Let m = t - -98. What is the greatest common divisor of m and 8?
8
Let f(h) = h. Let s(l) = -3*l - 13. Let o(d) = -2*f(d) - s(d). Let i be o(8). What is the highest common divisor of i and 189?
21
Let c = 292 - 290. Calculate the greatest common factor of c and 17.
1
Let m(a) = -a**3 + 8*a**2 - 7*a + 3. Let l be m(7). Calculate the greatest common divisor of 33 and l.
3
Let g = 335 + -167. What is the greatest common divisor of 252 and g?
84
Suppose -5*j + 22 = -4*j. Suppose 2*r + 4*r = -r. Suppose -3*f + 161 - 62 = r. What is the highest common factor of j and f?
11
Let p = 1 + -1. Suppose p = -2*d + 7 + 17. What is the highest common divisor of d and 18?
6
Let k = 424 + -418. Let x(v) = -v**3 + 17*v**2 + 3*v - 24. Let i be x(17). Calculate the highest common factor of i and k.
3
Let q be 2/3 + 2/(-3). Suppose z - 2*y = 123, 5*y + q*y = -4*z + 466. Calculate the greatest common divisor of 17 and z.
17
Suppose x - 3*d - 17 = 0, 2*d + 5 = -5*x - d. Suppose -19 = 2*c + 5*l, -3*c + 0*c = -x*l - 19. What is the greatest common divisor of c and 9?
3
Suppose y + 5*q = 42, -5*y + 10*q + 80 = 9*q. Calculate the highest common factor of y and 51.
17
Let k = -76 + 36. Let o = k - -59. Let h = o - 7. Calculate the greatest common factor of 8 and h.
4
Let d(l) = -l**2 + 9*l + 4. Let w be d(8). Calculate the highest common divisor of 20 and w.
4
Let d = -36 - -81. Suppose -4*c = -4*r - 0*c + 92, 0 = -3*r + 2*c + 64. Calculate the highest common divisor of d and r.
9
Let w(q) = 34*q + 468. Let d be w(-13). What is the highest common factor of 585 and d?
13
Let r(c) = -c**3 + c**2 + 2*c + 1. Let h be r(-1). Let k = -791 + 792. Calculate the highest common factor of h and k.
1
Let q(h) = 35*h**2 - 1. Let y(m) = -m**3 + 5*m**2 - 1. Let o be 1*20/(4 - 0). Let c be y(o). Let s be q(c). What is the greatest common factor of 85 and s?
17
Let m = -1037 + 1282. Calculate the greatest common factor of 294 and m.
49
Let u = 8 + -2. Suppose u*c = 3*c - j, -4*c + j = 0. Suppose -4*w - 35 = -3*y, w + w + 10 = c. Calculate the greatest common factor of 35 and y.
5
Let c(r) = 15*r + 6. Let b be (-10)/45 - 112/(-18). Let v be c(b). Suppose 5*n + v = 7*n. Calculate the greatest common divisor of n and 16.
16
Let p(h) be the second derivative of h**4/12 + h**3/2 - 20*h**2 - 14*h. Let d be p(-11). Calculate the greatest common divisor of d and 16.
16
Suppose 5*u = -4*s + 1340 + 52, -335 = -s + 2*u. Calculate the highest common divisor of s and 98.
49
Suppose 19 = 2*u + 3. Let f(q) = 16*q**2 - q - 1. Let b = 24 + -25. Let o be f(b). What is the greatest common factor of o and u?
8
Let z = 65 + -63. Suppose 3*v = 2*v + z. What is the greatest common factor of v and 10?
2
Let n(r) = 14*r - 54. Let j be n(9). Calculate the highest common factor of j and 2.
2
Suppose 24*w - 25224 - 576 = 0. What is the greatest common divisor of 25 and w?
25
Let a(h) = -23*h**2 + 155*h - 69. Let u be a(6). Suppose i + i = 6. What is the highest common divisor of i and u?
3
Suppose 5*v = 2*v + 93. Suppose -t = 2*t + 57. Let p = v + t. What is the highest common divisor of 12 and p?
12
Let p(k) = -k**3 + 24*k**2 - 41*k - 33. Let z be p(22). Calculate the highest common factor of z and 3.
3
Suppose -y + 0 = 2. Let n(a) = -3 - 6*a**3 + 17*a**2 + 0*a**3 - 2*a - 15*a**2 - a**3. Let k be n(y). What is the highest common factor of k and 13?
13
Suppose -6 = -3*l + 15. Suppose l*f - 308 + 70 = 0. Let d = -29 - -46. Calculate the highest common factor of d and f.
17
Suppose -14 = -3*l + 7. Suppose l*k = 75 + 23. What is the highest common divisor of 112 and k?
14
Let l(k) be the first derivative of k**4/4 + 6*k**3 - 4*k**2 + 8*k - 13. Let y be l(-18). What is the highest common divisor of y and 19?
19
Suppose 16 = -4*n + 12. Let t(w) = -89*w - 1. Let f be t(n). Calculate the greatest common divisor of 8 and f.
8
Let q = -53 - -58. Suppose -q*o + 22 = -33. Calculate the highest common divisor of 132 and o.
11
Let g = -2150 + 4071. What is the highest common factor of g and 17?
17
Let h(f) = f**3 + 10*f**2 - 35*f + 2. Let p be h(-11). Calculate the greatest common factor of 38 and p.
38
Let r = -101 - -100. Let u = r + 43. Let y(n) = n**3 + 5*n**2 - 4*n + 1. Let f be y(-5). Calculate the greatest common divisor of u and f.
21
Suppose -8*o + 4*o = 12, -2*u + 5*o = 11. Let a = u - -17. Wha